{"id":46,"date":"2017-11-14T17:20:00","date_gmt":"2017-11-14T17:20:00","guid":{"rendered":"http:\/\/212.237.21.101\/salus\/?page_id=46"},"modified":"2019-06-03T14:10:12","modified_gmt":"2019-06-03T14:10:12","slug":"giovani-pediatri","status":"publish","type":"page","link":"https:\/\/www.fondazionesaluspueri.it\/index.php\/progetti\/giovani-pediatri\/","title":{"rendered":"Giovani Pediatri"},"content":{"rendered":"[vc_row][vc_column][vc_column_text]La Fondazione Salus Pueri si impegna a raccogliere fondi per offrire ad alcuni giovani pediatri la possibilit\u00e0 di completare il loro cammino di alta formazione professionale affinch\u00e9 possano svolgere la loro attivit\u00e0 presso la Pediatria di Padova. \u00c8 questo l\u2019Ospedale che Salus Pueri vuole offrire ai tanti bambini ed ai genitori che ogni giorno ne varcano la soglia.\u00a0[\/vc_column_text][\/vc_column][\/vc_row]\n","protected":false},"excerpt":{"rendered":"<p>[vc_row][vc_column][vc_column_text]La Fondazione Salus Pueri si impegna a raccogliere fondi per offrire ad alcuni giovani pediatri la possibilit\u00e0 di completare il loro cammino di alta formazione professionale affinch\u00e9 possano svolgere la loro attivit\u00e0 presso la Pediatria di Padova. \u00c8 questo l\u2019Ospedale che Salus Pueri vuole offrire ai tanti bambini ed ai genitori che ogni giorno ne [&hellip;]<\/p>\n","protected":false},"author":1,"featured_media":0,"parent":25,"menu_order":6,"comment_status":"closed","ping_status":"closed","template":"","meta":[],"_links":{"self":[{"href":"https:\/\/www.fondazionesaluspueri.it\/index.php\/wp-json\/wp\/v2\/pages\/46"}],"collection":[{"href":"https:\/\/www.fondazionesaluspueri.it\/index.php\/wp-json\/wp\/v2\/pages"}],"about":[{"href":"https:\/\/www.fondazionesaluspueri.it\/index.php\/wp-json\/wp\/v2\/types\/page"}],"author":[{"embeddable":true,"href":"https:\/\/www.fondazionesaluspueri.it\/index.php\/wp-json\/wp\/v2\/users\/1"}],"replies":[{"embeddable":true,"href":"https:\/\/www.fondazionesaluspueri.it\/index.php\/wp-json\/wp\/v2\/comments?post=46"}],"version-history":[{"count":1,"href":"https:\/\/www.fondazionesaluspueri.it\/index.php\/wp-json\/wp\/v2\/pages\/46\/revisions"}],"predecessor-version":[{"id":47,"href":"https:\/\/www.fondazionesaluspueri.it\/index.php\/wp-json\/wp\/v2\/pages\/46\/revisions\/47"}],"up":[{"embeddable":true,"href":"https:\/\/www.fondazionesaluspueri.it\/index.php\/wp-json\/wp\/v2\/pages\/25"}],"wp:attachment":[{"href":"https:\/\/www.fondazionesaluspueri.it\/index.php\/wp-json\/wp\/v2\/media?parent=46"}],"curies":[{"name":"wp","href":"https:\/\/api.w.org\/{rel}","templated":true}]}}