{"id":3530,"date":"2021-04-20T15:30:44","date_gmt":"2021-04-20T15:30:44","guid":{"rendered":"https:\/\/www.fondazionesaluspueri.it\/?page_id=3530"},"modified":"2021-04-21T14:47:54","modified_gmt":"2021-04-21T14:47:54","slug":"stanza-genitori","status":"publish","type":"page","link":"https:\/\/www.fondazionesaluspueri.it\/index.php\/progetti\/stanza-genitori\/","title":{"rendered":"Stanza genitori"},"content":{"rendered":"[vc_row][vc_column][vc_column_text]Grazie ai fondi raccolti attraverso le iniziative di &#8220;In Moto per la Vita&#8221; e il sostegno di tanti altri donatori, la Fondazione \u00e8 riuscita a realizzare la <strong>Stanza Genitori<\/strong>, uno spazio dove i genitori possono trascorrere pi\u00f9 tempo con i loro piccoli che hanno la necessit\u00e0 di essere nutriti, accarezzati, accuditi, migliorando cosi anche la qualit\u00e0 dell&#8217;assistenza. La stanza dedicata ai genitori permette loro di avere un ambiente dove poter mangiare qualcosa o semplicemente rilassarsi, visto che trascorrono la maggior parte della giornata in ospedale. Sono state inoltre acquistate delle <strong>poltrone<\/strong> adatte a rendere pi\u00f9 intimo e confortevole il momento dell&#8217;allattamento materno e per la <strong>marsupio terapia<\/strong>, tecnica all&#8217;avanguardia che permette il pelle a pelle mamma-neonato favorendo notevoli benefici sia a livello fisico che psicologico.[\/vc_column_text][\/vc_column][\/vc_row]\n","protected":false},"excerpt":{"rendered":"<p>[vc_row][vc_column][vc_column_text]Grazie ai fondi raccolti attraverso le iniziative di &#8220;In Moto per la Vita&#8221; e il sostegno di tanti altri donatori, la Fondazione \u00e8 riuscita a realizzare la Stanza Genitori, uno spazio dove i genitori possono trascorrere pi\u00f9 tempo con i loro piccoli che hanno la necessit\u00e0 di essere nutriti, accarezzati, accuditi, migliorando cosi anche la [&hellip;]<\/p>\n","protected":false},"author":3,"featured_media":3593,"parent":25,"menu_order":0,"comment_status":"closed","ping_status":"closed","template":"","meta":[],"_links":{"self":[{"href":"https:\/\/www.fondazionesaluspueri.it\/index.php\/wp-json\/wp\/v2\/pages\/3530"}],"collection":[{"href":"https:\/\/www.fondazionesaluspueri.it\/index.php\/wp-json\/wp\/v2\/pages"}],"about":[{"href":"https:\/\/www.fondazionesaluspueri.it\/index.php\/wp-json\/wp\/v2\/types\/page"}],"author":[{"embeddable":true,"href":"https:\/\/www.fondazionesaluspueri.it\/index.php\/wp-json\/wp\/v2\/users\/3"}],"replies":[{"embeddable":true,"href":"https:\/\/www.fondazionesaluspueri.it\/index.php\/wp-json\/wp\/v2\/comments?post=3530"}],"version-history":[{"count":1,"href":"https:\/\/www.fondazionesaluspueri.it\/index.php\/wp-json\/wp\/v2\/pages\/3530\/revisions"}],"predecessor-version":[{"id":3533,"href":"https:\/\/www.fondazionesaluspueri.it\/index.php\/wp-json\/wp\/v2\/pages\/3530\/revisions\/3533"}],"up":[{"embeddable":true,"href":"https:\/\/www.fondazionesaluspueri.it\/index.php\/wp-json\/wp\/v2\/pages\/25"}],"wp:featuredmedia":[{"embeddable":true,"href":"https:\/\/www.fondazionesaluspueri.it\/index.php\/wp-json\/wp\/v2\/media\/3593"}],"wp:attachment":[{"href":"https:\/\/www.fondazionesaluspueri.it\/index.php\/wp-json\/wp\/v2\/media?parent=3530"}],"curies":[{"name":"wp","href":"https:\/\/api.w.org\/{rel}","templated":true}]}}